mainder when 5058827 is divided by 2212.
2195
Calculate the remainder when 12363461 is divided by 201.
152
What is the remainder when 147064148 is divided by 4164?
4160
Calculate the remainder when 484366 is divided by 484253.
113
What is the remainder when 1105425 is divided by 138178?
1
What is the remainder when 60972799 is divided by 6750?
49
Calculate the remainder when 34318802 is divided by 862.
858
Calculate the remainder when 247357 is divided by 46.
15
Calculate the remainder when 3853 is divided by 1776.
301
What is the remainder when 1824867 is divided by 6885?
342
What is the remainder when 86699 is divided by 40?
19
What is the remainder when 3650424 is divided by 158?
150
What is the remainder when 15664168 is divided by 25977?
37
What is the remainder when 16326398 is divided by 2?
0
Calculate the remainder when 1223413 is divided by 26.
9
Calculate the remainder when 128481 is divided by 119.
80
What is the remainder when 143267548 is divided by 3404?
3400
Calculate the remainder when 28878125 is divided by 1996.
1993
What is the remainder when 64484 is divided by 2741?
1441
What is the remainder when 426993371 is divided by 78?
77
What is the remainder when 36382 is divided by 170?
2
Calculate the remainder when 67097469 is divided by 42.
33
What is the remainder when 703256 is divided by 42?
8
Calculate the remainder when 559757 is divided by 1339.
55
What is the remainder when 1181137 is divided by 1673?
1672
What is the remainder when 1253454 is divided by 3581?
104
What is the remainder when 262319 is divided by 3200?
3119
Calculate the remainder when 258077 is divided by 1856.
93
Calculate the remainder when 1149619 is divided by 127.
15
Calculate the remainder when 399153 is divided by 398683.
470
Calculate the remainder when 635965 is divided by 114.
73
What is the remainder when 161370 is divided by 184?
2
Calculate the remainder when 39379164 is divided by 287439.
21
Calculate the remainder when 356489 is divided by 27164.
3357
What is the remainder when 1668059 is divided by 119147?
1
Calculate the remainder when 218314 is divided by 109140.
34
Calculate the remainder when 2022563 is divided by 46.
35
Calculate the remainder when 78456 is divided by 1859.
378
Calculate the remainder when 190737 is divided by 1926.
63
Calculate the remainder when 20969115 is divided by 29.
27
Calculate the remainder when 15869147 is divided by 1798.
1797
What is the remainder when 1296032 is divided by 429?
23
Calculate the remainder when 1569237 is divided by 270.
267
What is the remainder when 83938 is divided by 85?
43
What is the remainder when 1593256 is divided by 469?
63
Calculate the remainder when 1995625 is divided by 181420.
5
Calculate the remainder when 139262 is divided by 151.
40
What is the remainder when 1036391 is divided by 259095?
11
Calculate the remainder when 70944299 is divided by 50.
49
What is the remainder when 8251 is divided by 5377?
2874
What is the remainder when 260033 is divided by 13205?
9138
Calculate the remainder when 1566915 is divided by 1511.
8
What is the remainder when 9360808 is divided by 109?
106
Calculate the remainder when 2829673 is divided by 30.
13
What is the remainder when 454917 is divided by 151057?
1746
What is the remainder when 85484320 is divided by 54?
52
Calculate the remainder when 551015 is divided by 1395.
1385
What is the remainder when 11026678 is divided by 16360?
38
What is the remainder when 508417 is divided by 466?
11
What is the remainder when 256134 is divided by 204?
114
Calculate the remainder when 103499 is divided by 51722.
55
Calculate the remainder when 1296606 is divided by 2503.
52
What is the remainder when 10816303 is divided by 1437?
4
What is the remainder when 15496468 is divided by 230?
218
What is the remainder when 10592278 is divided by 49?
46
Calculate the remainder when 321827 is divided by 160864.
99
Calculate the remainder when 1502854 is divided by 4.
2
Calculate the remainder when 509824 is divided by 169903.
115
Calculate the remainder when 43794 is divided by 21484.
826
Calculate the remainder when 90373486 is divided by 3683.
32
Calculate the remainder when 288139 is divided by 570.
289
Calculate the remainder when 9726163 is divided by 884181.
172
What is the remainder when 7327 is divided by 6368?
959
What is the remainder when 242378 is divided by 13596?
11246
What is the remainder when 332706576 is divided by 7?
6
What is the remainder when 13037243 is divided by 12?
11
What is the remainder when 11010520 is divided by 15?
10
Calculate the remainder when 498008 is divided by 99517.
423
Calculate the remainder when 293716 is divided by 12770.
6
What is the remainder when 121728 is divided by 5778?
390
What is the remainder when 1015985 is divided by 2341?
2332
What is the remainder when 1166077 is divided by 1165985?
92
Calculate the remainder when 178051 is divided by 10829.
4787
What is the remainder when 2470102 is divided by 2067?
37
What is the remainder when 151498202 is divided by 135?
122
What is the remainder when 194347 is divided by 6928?
363
What is the remainder when 39407865 is divided by 143?
68
Calculate the remainder when 241110 is divided by 11477.
93
What is the remainder when 3221862 is divided by 1094?
32
What is the remainder when 392825 is divided by 1398?
1385
Calculate the remainder when 9256819 is divided by 109.
103
What is the remainder when 7286112 is divided by 407?
405
Calculate the remainder when 239779 is divided by 18442.
33
What is the remainder when 16300 is divided by 3828?
988
Calculate the remainder when 3830843 is divided by 1583.
1566
What is the remainder when 8819495 is divided by 11235?
20
Calculate the remainder when 48406537 is divided by 11014.
7
What is the remainder when 322271 is divided by 2079?
26
Calculate the remainder when 63198095 is divided by 685.
680
What is the remainder when 1623318 is divided by 174?
72
Calculate the remainder when 1578938 is divided by 1578879.
59
Calculate the remainder when 672877 is divided by 451.
436
Calculate the remainder when 103264 is divided by 594.
502
Calculate the remainder when 274774 is divided by 3230.
224
What is the remainder when 222478 is divided by 73991?
505
Calculate the remainder when 1696148 is divided by 565382.
2
What is the remainder when 876571 is divided by 184?
179
What is the remainder when 2208511 is divided by 196?
179
What is the remainder when 418319 is divided by 189?
62
What is the remainder when 38624010 is divided by 38624001?
9
What is the remainder when 2494439 is divided by 1539?
1259
Calculate the remainder when 104505 is divided by 3724.
233
Calculate the remainder when 4137204 is divided by 464.
180
Calculate the remainder when 18398615 is divided by 9199236.
143
What is the remainder when 697990 is divided by 30207?
3229
Calculate the remainder when 1772141 is divided by 34719.
1472
Calculate the remainder when 2429788 is divided by 136.
12
Calculate the remainder when 224769023 is divided by 464.
463
Calculate the remainder when 29398135 is divided by 2333.
2
Calculate the remainder when 328639 is divided by 19210.
2069
What is the remainder when 28922396 is divided by 2400?
2396
What is the remainder when 2137449 is divided by 1816?
17
What is the remainder when 153293398 is divided by 50?
48
Calculate the remainder when 12419215 is divided by 3104791.
51
What is the remainder when 1860617 is divided by 1860549?
68
What is the remainder when 1543610 is divided by 1102?
810
What is the remainder when 2848769 is divided by 1934?
1921
What is the remainder when 154182 is divided by 832?
262
Calculate the remainder when 105563 is divided by 128.
91
What is the remainder when 23207776 is divided by 823?
822
Calculate the remainder when 498917 is divided by 556.
185
Calculate the remainder when 189378298 is divided by 300.
298
What is the remainder when 220547 is divided by 218943?
1604
Calculate the remainder when 16615490 is divided by 454.
452
What is the remainder when 15355887 is divided by 7677937?
13
What is the remainder when 9109 is divided by 4343?
423
What is the remainder when 77843569 is divided by 2684261?
0
Calculate the remainder when 6881385 is divided by 120726.
3
Calculate the remainder whe